ulate the highest common divisor of a and 96.
24
Suppose 36*l - 200002 - 30974 = 0. Calculate the greatest common factor of 16 and l.
16
Suppose 49*h = 298 + 799 + 471. What is the highest common divisor of h and 1744?
16
Suppose 0 = -5*w + 194 + 151. What is the highest common divisor of w and 184?
23
Let n be 142 - 35*(-96)/(-168). What is the highest common divisor of n and 7747?
61
Let d be 2 + (5259/18*-2)/((-44)/132). Calculate the highest common factor of d and 675.
135
Suppose 341*c - 333*c = 19 + 21. Calculate the highest common divisor of c and 1385.
5
Suppose 12 = 2*y + 2*i, 3*i + 17 = 12*y - 8*y. Calculate the greatest common factor of 235 and y.
5
Suppose 0 = -238*q + 235*q + 84. Suppose -5*g = u - 9, 27*u + 2*g + 30 = q*u. Calculate the greatest common factor of u and 36.
12
Let l = 3740 + -3407. Calculate the greatest common divisor of l and 185.
37
Let x(t) = 3*t**3 - 24*t**2 + 12. Let f(b) = b**3 + 8*b**2 - 23*b - 21. Let v be f(-10). Let s be x(v). Calculate the greatest common factor of s and 17.
17
Let m be (-23 + -1)*1960/(-60). Let z = 868 - m. What is the greatest common divisor of 105 and z?
21
Suppose 18*f - 19*f - 4*a = -53, 0 = -f + a + 43. What is the greatest common divisor of f and 5760?
45
Suppose 2847 = 31*l - 2451 - 6234. Calculate the greatest common divisor of 837 and l.
93
Let c(j) = 2*j**2 + 48*j + 11. Let u be c(-24). Suppose 0 = 4*l - 27 + u. What is the greatest common divisor of 2 and l?
2
Suppose 5*l + 181 + 179 = 0. Let t be (75/20)/((-2)/l). What is the greatest common divisor of t and 15?
15
Suppose 9472 = 14*a + 9444. What is the highest common divisor of 454 and a?
2
Suppose -5*g - 400*t + 165 = -402*t, -3*g - 5*t + 130 = 0. Calculate the greatest common factor of 7679 and g.
7
Suppose 4*i - 217 - 231 = 0. Let n be (-17)/(-187) - (-608)/88. Calculate the greatest common divisor of i and n.
7
Suppose -6*a - 8 = 46. Let l be a/((-27)/(-6)) - -18. Let s be 192/9 - (1 + (-1)/(-3)). What is the greatest common factor of l and s?
4
Let o = -2987 + 2994. Suppose 2*f = 3 + 5. Suppose -7*t + 2*t = 3*d - 53, -5*d - f*t + 97 = 0. What is the greatest common factor of o and d?
7
Let a(f) = -161*f + 426. Let u be a(2). Calculate the highest common divisor of u and 403.
13
Let s = 357 - 247. Suppose 150 = 16*b - 11*b. Suppose -58*w - b = -61*w. What is the greatest common factor of s and w?
10
Let f(o) = o**3 + 4*o - 2. Let m be f(2). Let d = 193 + -102. Calculate the highest common factor of d and m.
7
Suppose 0 = -25*g + 20*g + 205. Calculate the highest common factor of 2296 and g.
41
Suppose -152*z + 46482 + 21272 = -21774. What is the greatest common factor of 1736 and z?
31
Suppose -34*f + 15 = -35*f - 5*y, 9 = -3*y. Suppose 3*c - j = 215, -c - c + 2*j + 150 = f. What is the greatest common divisor of 110 and c?
10
Suppose 4*i - 20*p - 2766 = -18*p, 3*i = -6*p + 2022. Let h be (-65)/(-4) + 2/(-8). What is the highest common factor of h and i?
16
Let q be 1/(-12)*-3 + 1962/24. Let o = -64 + q. Suppose o = s + 16. What is the greatest common divisor of 7 and s?
1
Suppose -4*c - 61 - 55 = 0. Let f(m) = m**2 + 18*m - 236. Let w be f(c). What is the greatest common divisor of w and 1079?
83
Let b(p) = 15*p**2 - 108*p + 216. Let q be b(2). Calculate the greatest common factor of q and 1335.
15
Let f = 9305 + -9239. Calculate the highest common factor of 54 and f.
6
Let d = -2485 - -2693. Calculate the highest common factor of 6032 and d.
208
Let y be (390/9)/(6/117). Suppose -7*h + y = 6*h. Let s(x) = 3*x + 1. Let v be s(4). Calculate the greatest common factor of v and h.
13
Suppose 2*d + 5*c - 10 = c, -2*d = -c - 5. Let o be -27*(-8)/18*d. What is the greatest common factor of 36 and o?
36
Suppose 45*i - 68*i = -44*i + 1239. Suppose 1178 = 4*z - 0*p - 2*p, 1183 = 4*z + 3*p. What is the highest common divisor of z and i?
59
Let w(i) = -i**3 - 53*i**2 + 117*i + 3427. Let q be w(-55). What is the greatest common divisor of q and 90?
18
Suppose -5*o = 11*b - 9*b - 12604, -2*o = -5*b - 5030. What is the greatest common factor of 100 and o?
20
Let i = 64 + -67. Let j be ((i/6)/(1/82))/(-1). Calculate the highest common divisor of 41 and j.
41
Let v = -294 + 362. Suppose 7*n - 506 - v = 0. What is the highest common factor of 123 and n?
41
Suppose 140 + 10 = 30*v. Suppose -v*o - 3*b + 405 = -8*b, -2*o = b - 150. Calculate the greatest common divisor of o and 44.
11
Let a be -1207*(-357)/85 - 3/15*2. What is the greatest common factor of 37 and a?
37
Let z be (-126)/231 + 540/22. What is the greatest common divisor of z and 2248?
8
Let s(i) = 8*i**3 - 24*i**2 + 63*i + 13. Let l be s(5). What is the highest common divisor of l and 168?
56
Let o be (1275/(-6) + -2)/(((-21)/14)/3). What is the highest common factor of 99 and o?
33
Let g(x) = 87*x + 141. Let t be g(2). Suppose 10*f - 8*f = 90. Calculate the greatest common divisor of t and f.
45
Suppose 0 = -25*d + 3618 - 193. Let j = d - 32. Let k be 1 - (-5)/((-5)/(-14)). Calculate the greatest common factor of j and k.
15
Let u = -315 + 1143. Suppose 44 = v - 2*r, 55*v - 60*v - r + 231 = 0. What is the greatest common divisor of v and u?
46
Suppose -g = 82*o - 77*o - 290, -3*o + 187 = -2*g. Suppose -4*h + 2*d + 1437 = -1163, 5*h - 4*d = 3253. What is the greatest common divisor of h and o?
59
Let j = -571 - -573. Suppose -m - 1 - j = 0, -3*x = -5*m - 117. Calculate the greatest common factor of 34 and x.
34
Let k = -154 - -191. Let r(f) = 6*f - 195. Let d be r(k). Calculate the highest common factor of d and 675.
27
Suppose -10*v + 7*v = 105. Let z = 41 + v. Let g be (z/(-4))/(-3)*(0 - -74). Calculate the highest common divisor of g and 407.
37
Let a(z) = 52*z + 39. Let w be a(-11). Let p = w - -754. What is the greatest common divisor of p and 26?
13
Suppose 17*r + 20*r + 29274 = 44*r. What is the greatest common factor of 68 and r?
34
Suppose h + 47*h = 263040. Calculate the greatest common divisor of 8 and h.
8
Let q(m) = -m**3 + 7*m**2 - 6*m - 15. Suppose 0 = 17*u - 64 - 4. Let y be q(u). Calculate the highest common divisor of 243 and y.
9
Let d = 38 - 350. Let z be (3/2)/((-4 + 3)/d). What is the greatest common factor of 39 and z?
39
Let c = 9090 + -7513. What is the greatest common divisor of 76 and c?
19
Suppose -17*z + 3 + 405 = 0. Let j = 109 + -101. Calculate the highest common factor of z and j.
8
Let b = -21593 + 36029. Calculate the greatest common factor of 72 and b.
36
Suppose 7232 = -113*n - 45*n + 29352. What is the highest common divisor of n and 532?
28
Let j be (1/(-1))/(66/(-53688)) + 108/198. What is the greatest common factor of j and 110?
22
Let x(n) = 574*n - 18 + n**2 + 4 - 573*n. Let y be x(-11). Let p = 97 - y. Calculate the highest common factor of p and 1.
1
Let c(i) = 6*i. Let o be c(1). Let t(l) = 2*l + 8. Let f be t(o). Suppose -5*a - 3*m = 68 - 547, 428 = 4*a - 4*m. What is the highest common divisor of f and a?
20
Let v be (-46)/7*3 + 2/(-7). Let i be (1 - 2)/(v/(-22) - 1). Suppose 0 = x + 3 - 4. Calculate the highest common factor of x and i.
1
Let h = -261 - -266. Suppose 0 = -h*s - 20, 4*s - 1 = -2*t + 35. What is the highest common divisor of t and 8?
2
Let g = -23 + 22. Let o = 1 + g. Suppose 5*v - 2*m + 0*m - 163 = o, 0 = -5*v - 2*m + 147. What is the highest common factor of 248 and v?
31
Let s be (-4)/18 + (-35)/45. Let p be (-11 - -12)*(39 - (s + 1)). What is the greatest common divisor of p and 65?
13
Suppose -4*y + 36*x + 226 = 39*x, -x = -3*y + 163. What is the highest common divisor of 3135 and y?
55
Let j(a) = 4*a**2 + 222*a + 228. Let l be j(-62). What is the highest common factor of l and 64?
16
Let g(r) = -4*r + 3. Let x be g(-3). Suppose 73 = 7*j + 108. Let z be -1 - (25/j + 6 - 5). What is the greatest common factor of x and z?
3
Let g(w) = -31*w + 740. Let z be g(22). Calculate the greatest common divisor of 1566 and z.
58
Suppose -3*i - 50 = 2*y, 3*i + 2*y = -2*y - 58. Let d(o) = -11*o - 92. Let c be d(i). What is the greatest common factor of 682 and c?
62
Suppose 4*r + 9*m + 31 - 311 = 0, r - 67 = -3*m. What is the greatest common factor of r and 1264?
79
Let m be ((-28)/21)/((-3)/((-495)/(-2))). Calculate the greatest common factor of m and 121.
11
Let t(f) = -246*f**3 - 2*f**2 - 2*f - 1. Let i be t(-1)